+ 4*z**2 + 5*z + 5. Determine u(-1).
-4
Let w(z) = -z**2 - 11*z + 2. What is w(-11)?
2
Let g(u) = 6*u**2 + 2*u - 2. What is g(-2)?
18
Let w(r) = -r**3 - 25*r**2 - 23*r + 29. Give w(-24).
5
Let n(a) = -a - 10. Calculate n(-14).
4
Let f(g) = -2*g**3 + 8*g**2 - 3*g. Calculate f(5).
-65
Let q(g) = g**2 - 8*g - 1. What is q(9)?
8
Let o(s) = 3*s - 82. What is o(17)?
-31
Let f(i) = -7*i**3 - i**2 + 6*i + 3. Calculate f(2).
-45
Let b(z) = -z**2 + 11*z + 24. Give b(11).
24
Let j(d) = -10*d - 2. Calculate j(-2).
18
Let i(n) = -12*n + 67. What is i(11)?
-65
Let b(h) = -h**3 - 5*h**2 + 3*h + 3. Calculate b(-4).
-25
Let t(j) = -2*j - 12. Give t(-9).
6
Let n(b) = -b**2 + 44*b + 144. Determine n(47).
3
Let u(z) = z**3 + z**2 + z - 1. What is u(1)?
2
Let u(c) = -2*c - 1. Calculate u(-6).
11
Let y(r) = r**3 + 2*r**2 - r - 5. Calculate y(-4).
-33
Let r(q) = q**2 - 36*q + 6. Calculate r(0).
6
Let n(a) = 3*a + 74. Determine n(-29).
-13
Let z(c) = -4*c**2 + 45*c + 14. Calculate z(11).
25
Let y(i) = i**2 - 2*i + 7. Determine y(-3).
22
Let j(c) = 7*c**3 - c**2 - c + 1. What is j(-1)?
-6
Let z(k) = 3*k - 3. What is z(4)?
9
Let u(l) = l**2 + 6*l - 8. What is u(2)?
8
Let s(r) = 14*r**2 - r - 1. What is s(-1)?
14
Let o(f) = -f - 5. Determine o(0).
-5
Let b(s) = 8*s**3 - s**2 - s. Give b(-1).
-8
Let u(v) = v**2 - 6*v - 2. What is u(3)?
-11
Let q(h) = -8*h**2 - 79*h + 14. What is q(-10)?
4
Let u(d) = -48*d**3 + 6*d + 7. What is u(-1)?
49
Let x(y) = y**2 + 18*y + 78. Calculate x(-9).
-3
Let w(g) = -6*g**2 - 50*g - 6. Determine w(-9).
-42
Let d(p) = p**3 + 77*p**2 + 2*p + 157. Determine d(-77).
3
Let t(c) = 2*c - 26. What is t(6)?
-14
Let s(l) = l**3 - 4*l**2 - 2*l + 1. What is s(5)?
16
Let w(o) = o**3 + o**2 + o + 1. What is w(0)?
1
Let j(q) = -q**3 + 7*q**2 - 8*q + 12. Determine j(6).
0
Let u(r) = r**2 + 8*r - 8. What is u(-12)?
40
Let m(z) = -14*z - 5. Give m(-1).
9
Let t(p) = -2*p**2 - 6*p + 10. Calculate t(-4).
2
Let n(a) = 2*a**3 + 26*a**2 - 4*a - 31. Determine n(-13).
21
Let q(t) = -13*t + 109. Give q(8).
5
Let s(h) = -h + 39. Calculate s(-3).
42
Let v(i) = i**2 + 14*i - 18. What is v(-15)?
-3
Let t(p) = 2*p**2 - 17*p + 27. What is t(5)?
-8
Let q(w) = -w**2 - 6*w - 5. Calculate q(-3).
4
Let f(k) = 2*k - 4. Determine f(-6).
-16
Let l(b) = -b**2 + 8*b + 9. Calculate l(9).
0
Let x(v) = 3*v**2 - 29*v - 7. Calculate x(9).
-25
Let l(n) = 14*n - 26. Calculate l(5).
44
Let a(g) = -g**3 + 6*g**2 + 15*g - 4. Determine a(8).
-12
Let k(u) = 6*u**2 - u + 2. Give k(1).
7
Let q(z) = -2*z**2 - 25*z + 36. Calculate q(-14).
-6
Let g(n) = 5*n**2 - 6*n + 2. Calculate g(3).
29
Let f(w) = -w - 6. Give f(2).
-8
Let i(u) = u**2 + 2*u - 5. What is i(-4)?
3
Let q(x) = -x**3 + 7*x**2 - 5*x - 1. Give q(6).
5
Let i(f) = 2*f**2 + 85*f + 240. What is i(-3)?
3
Let i(t) = t**3 + 11*t**2 + 18*t + 9. Calculate i(-9).
9
Let t(j) = 2*j**2 + 8*j + 4. Determine t(-2).
-4
Let p(k) = 3*k**2 + 10*k - 80. Calculate p(-7).
-3
Let t(w) = -2*w**2 + 8*w - 13. Determine t(5).
-23
Let p(q) = 16*q + 91. Give p(-6).
-5
Let b(m) = 10*m**2 + 9*m + 2. Calculate b(-2).
24
Let k(m) = -25*m - 552. What is k(-22)?
-2
Let p(u) = u**2 + 8*u - 40. Calculate p(4).
8
Let a(j) = -2*j**2 - 22*j - 84. Determine a(-5).
-24
Let c(x) = 2*x**2 - 10*x + 3. Determine c(7).
31
Let w(i) = -6*i + 42. Determine w(6).
6
Let z(m) = 3*m**3 - 2*m**2 + 7. Calculate z(2).
23
Let a(r) = r**3 + r**2 - 7*r - 4. What is a(-4)?
-24
Let f(b) = -b**3 - b**2 - 8*b - 2. What is f(-3)?
40
Let u(w) = -w**2 + 28*w - 20. Give u(26).
32
Let v(j) = -j**3 - 12*j**2 + 2*j + 23. What is v(-12)?
-1
Let x(y) = y**2 + 3*y + 8. Give x(-6).
26
Let x(h) = 19*h + 3. Calculate x(-1).
-16
Let r(q) = -q**3 - 14*q**2 - 10*q - 12. Determine r(-13).
-51
Let o(v) = v**2 - 24*v - 59. What is o(26)?
-7
Let i(g) = 11*g - 164. Determine i(14).
-10
Let f(n) = -4*n + 1. Determine f(6).
-23
Let f(g) = g**2 + 26*g + 45. Give f(-18).
-99
Let n(y) = -11*y - 12. Determine n(-2).
10
Let b(g) = 36*g + 39. Give b(-1).
3
Let i(x) = 6*x - 6. Determine i(-8).
-54
Let v(l) = -l**3 + 2*l**2 + 7*l. What is v(4)?
-4
Let k(g) = 20*g + 108. Determine k(-5).
8
Let i(f) = 60*f + 234. What is i(-4)?
-6
Let t(s) = 4*s - 23. Calculate t(-15).
-83
Let i(f) = f + 31. Determine i(6).
37
Let z(v) = -2*v**2 - 12*v + 7. Calculate z(-7).
-7
Let h(m) = m**2 - 129*m - 665. What is h(-5)?
5
Let p(a) = -a**2 + 17*a + 130. Determine p(-6).
-8
Let g(z) = -4*z**2 + 2*z + 7. Give g(4).
-49
Let r(f) = -f**2 - 8*f. Calculate r(-3).
15
Let u(c) = -11*c + 6. Determine u(-2).
28
Let p(k) = -7*k - 25. Determine p(-13).
66
Let d(o) = o**2 - 8*o + 25. Give d(11).
58
Let z(p) = p**2. What is z(3)?
9
Let l(t) = t**3 - t**2 + 1. Calculate l(-1).
-1
Let n(i) = 13*i**2 - i - 1. Calculate n(-1).
13
Let d(r) = -2*r + 5. Calculate d(8).
-11
Let s(z) = -z**3 - 5*z**2 - 4*z + 3. Give s(-5).
23
Let r(w) = -2*w**3 + 12*w**2 - 10*w + 9. Give r(5).
9
Let v(m) = 19*m - 27. What is v(-3)?
-84
Let m(r) = -8*r + 2. Determine m(-1).
10
Let c(b) = -3*b - 18. Determine c(12).
-54
Let x(d) = -d**3 + 8*d**2 + 14*d + 1. What is x(10)?
-59
Let a(h) = -h**2 + 15*h - 25. Give a(17).
-59
Let y(h) = h**3 - 3*h**2 + h - 2. Determine y(0).
-2
Let a(m) = m**2 + 10*m - 41. Determine a(-13).
-2
Let b(y) = -3*y**2 + 4*y - 4. Calculate b(4).
-36
Let c(y) = 5*y - 8. Calculate c(7).
27
Let c(d) = -d**2 - 22*d - 3. Calculate c(-22).
-3
Let m(o) = o**3 + 4*o**2 + 4*o + 2. What is m(-4)?
-14
Let g(d) = d**2 + 5*d - 45. Give g(-10).
5
Let d(v) = -v**3 - 7*v**2 - 6*v + 5. Determine d(-4).
-19
Let n(p) = -28*p - 4. Give n(1).
-32
Let x(j) = j**3 + 4*j**2 + 2*j + 5. Determine x(-4).
-3
Let u(t) = t**2 - 10*t + 17. Calculate u(8).
1
Let v(f) = -5*f - 18. What is v(-6)?
12
Let k(r) = -13*r - 5. Determine k(4).
-57
Let b(i) = 2*i**3 - 8*i - 11. Determine b(-2).
-11
Let r(l) = 21*l. Give r(-1).
-21
Let y(o) = -3*o + 12. Calculate y(6).
-6
Let v(m) = -12*m + 75. Calculate v(6).
3
Let o(x) = -x**3 + 10*x**2 - 3*x + 22. Calculate o(10).
-8
Let v(n) = 21*n + 22. Determine v(-5).
-83
Let k(i) = -2*i + 35. Give k(21).
-7
Let h(f) = -f - 2. Give h(28).
-30
Let m(v) = -v**2 - 18*v - 44. Give m(-15).
1
Let j(g) = g**2 - 6*g - 17. Calculate j(7).
-10
Let g(c) = 8*c + 39. Give g(-10).
-41
Let r(x) = -5*x**2. Determine r(-1).
-5
Let y(k) = -3*k - 3. Determine y(3).
-12
Let s(f) = f**2 + 3*f - 7. Determine s(-4).
-3
Let k(f) = 68*f - 206. Determine k(3).
-2
Let p(i) = -3*i - 66. Give p(-11).
-33
Let i(c) = c**3 - 39*c**2 + 77*c - 89. Calculate i(37).
22
Let v(f) = f**3 - 21*f**2 + 56*f - 49. What is v(18)?
-13
Let c(z) = -z**2 + z + 10. Calculate c(-3).
-2
Let f(p) = -p**3 - 12*p**2 + 9*p - 9. What is f(-13)?
43
Let s(o) = 58*o - 3. What is s(-1)?
-61
Let f(o) = 2*o**2 - 6. What is f(-4)?
26
Let o(q) = -q**3 + 10*q**2 + 11*q - 2. Determine o(11).
-2
Let s(t) = -t**3 - 5*t**2 - 4*t - 1. Give s(-2).
-5
Let k(v) = -v**3 - 7*v**2 + 25*v - 12. Determine k(-10).
38
Let i(f) = -16*f + 113. Give i(7).
1
Let d(y) = y**3 - y**2 - 3*y - 2. Give d(-2).
-8
Let v(s) = -s**2 - 23*s - 124. What is v(-14)?
2
Let n(g) = g**2 + g + 6. Calculate n(0).
6
Let x(i) = i**3 + 33*i**2 - 3*i - 92. Give x(-33).
7
Let x(z) = z**2 - 7*z - 18. Determine x(8).
-10
Let v(w) = w**2 - 2*w - 12. Calculate v(-4).
12
Let x(s) = -3*s**2 - 2*s + 4. What is x(-3)?
-17
Let v(l) = 3*l**2 + 14*l - 8. Calculate v(-5).
-3
Let u(x) = -3*x**2 + 7*x - 7. Determine u(5).
-47
Let y(x) = 6*x + 30. What is y(-5)?
0
Let b(m) = m**3 + m**2 + 3*m + 12. Give b(0).
12
Let h(o) = -22*o + 167. Determine h(7).
13
Let g(z) = -9*z**2 - 41*z - 11. What is g(-4)?
9
Let y(f) = 3*f**2 - 22*f + 80. Calculate y(4).
40
Let l(s) = 28*s + 925. Give l(-33).
1
Let k(z) = 85*z**3 + z**2 - 1. Determine k(-1).
-85
Let k(x) = -x**2 - 17*x + 10. Calculate k(-18).
-8
Let i(k) = 2*k**2 - 15*k + 44. Calculate i(9).
71
Let t(z) = z**3 + 11*z**2 + z + 8. What is t(-11)?
-3
Let k(t) = -8*t - 191. Calculate k(-24).
1
Let j(c) = c**3 + 29*c**2 - 2*c - 39. Give j(-29).
19
Let r(d) = -11*d - 2. Give r(-2).
20
Let y(l) = -29*l + 1. What is y(5)?
-144
Let b(i) = -53*i**2 + i - 1. Calculate b(1).
-53
Let g(c) = 11*c - 4. Calculate g(4).
40
Let u(k) = k**3 + 16*k**2 + k + 13. Give u(-16).
-3
Let k(n) = -4*n**2 - 6*n. What is k(-4)?
-40
Let r(w) = -8*w - 5. Calculate r(4).
-37